 is 3 - 106?
-103
In base 4, what is -31223 - 131?
-32020
In base 4, what is -33013 - 1?
-33020
In base 3, what is 2 - 12020?
-12011
In base 2, what is 10110001110 - -110?
10110010100
In base 6, what is -250 - -130?
-120
In base 2, what is -100111110 - 100100?
-101100010
In base 12, what is -231 - -2?
-22b
In base 11, what is -3 - 13?
-16
In base 10, what is -6 + -3?
-9
In base 10, what is -1330 - -2?
-1328
In base 14, what is -5 + -15?
-1a
In base 6, what is 1121 - -2?
1123
In base 13, what is -776 - 13?
-789
In base 16, what is e + 41?
4f
In base 6, what is 13 + 21143?
21200
In base 12, what is -7 + -4?
-b
In base 5, what is 1 + -240?
-234
In base 11, what is -5 + 56?
51
In base 15, what is -1 + -24?
-25
In base 7, what is -26 + 400?
341
In base 15, what is 0 + 222?
222
In base 11, what is -1 + -97?
-98
In base 5, what is 321 - -334?
1210
In base 9, what is 52 + -2?
50
In base 10, what is -3 + 166?
163
In base 4, what is 21 + 11000?
11021
In base 13, what is 5 - -aa?
b2
In base 2, what is -1 + -1100001?
-1100010
In base 6, what is 2 - -124?
130
In base 8, what is 0 + 442?
442
In base 12, what is -2 - -38?
36
In base 5, what is 32 - -204?
241
In base 13, what is -187 + 5?
-182
In base 3, what is 11 - 12121121?
-12121110
In base 6, what is 10 + 5401?
5411
In base 10, what is 3495 + 0?
3495
In base 13, what is -78 + 6?
-72
In base 6, what is -20301 + 2?
-20255
In base 4, what is 211302 + 2?
211310
In base 11, what is -26 + -8?
-33
In base 3, what is 201220 + 10?
202000
In base 8, what is -7615 - 1?
-7616
In base 9, what is 2 - 17?
-15
In base 12, what is 1 + 60?
61
In base 15, what is 3 - 52?
-4e
In base 4, what is -1013 + 3?
-1010
In base 7, what is 12 + -132?
-120
In base 3, what is -12 + -20222?
-21011
In base 10, what is -10 + -88?
-98
In base 16, what is 89 - 3b?
4e
In base 5, what is 103123 + -1?
103122
In base 10, what is 16 + 1347?
1363
In base 5, what is 3404 + 0?
3404
In base 15, what is 26 - -2?
28
In base 3, what is -2200 - 11?
-2211
In base 16, what is -1 - 4d0?
-4d1
In base 10, what is -46 - 3?
-49
In base 5, what is -3 - 2141?
-2144
In base 3, what is -122011101 - -2?
-122011022
In base 9, what is -6 + -417?
-424
In base 8, what is -15 + -3?
-20
In base 7, what is -244 + -24?
-301
In base 5, what is -1101 + 12?
-1034
In base 5, what is 103 + -40?
13
In base 6, what is -34514 - 4?
-34522
In base 7, what is 351 + -5?
343
In base 10, what is -18173 - 1?
-18174
In base 12, what is -2a - 46?
-74
In base 7, what is 1 - 204?
-203
In base 7, what is -3 + -4?
-10
In base 11, what is 572 + 10?
582
In base 11, what is -2 - 2a?
-31
In base 2, what is 10000 - -110100?
1000100
In base 2, what is 100111100 + 1?
100111101
In base 5, what is 23043 + -1?
23042
In base 6, what is 125 + -1014?
-445
In base 9, what is 1 + 4810?
4811
In base 4, what is -30333 - 0?
-30333
In base 10, what is 3585 + 3?
3588
In base 15, what is 10e6 + -2?
10e4
In base 6, what is -102201 - 2?
-102203
In base 4, what is 32213 - -31?
32310
In base 5, what is -414401 + 10?
-414341
In base 15, what is -3 - 40?
-43
In base 4, what is 1001 - -3232?
10233
In base 10, what is 0 + 19?
19
In base 9, what is -12 - 2141?
-2153
In base 12, what is 187 - 5?
182
In base 15, what is -1 + -50?
-51
In base 14, what is 0 - 49?
-49
In base 11, what is -12562 + 1?
-12561
In base 3, what is 1120 - -21?
1211
In base 4, what is -21 + -2?
-23
In base 9, what is -118 + -3?
-122
In base 11, what is -2 + -3a?
-41
In base 6, what is 3 - 14343?
-14340
In base 9, what is -12 + -5?
-17
In base 4, what is -1210 - 10?
-1220
In base 16, what is -4 - 7?
-b
In base 4, what is 11021 - 3?
11012
In base 16, what is -1d34 - 5?
-1d39
In base 16, what is -4 + ff5?
ff1
In base 12, what is -3 - -106?
103
In base 9, what is 2 + -352?
-350
In base 2, what is -11011010011 - 10100?
-11011100111
In base 15, what is 22 - 1d9?
-1b7
In base 6, what is -21454 - 23?
-21521
In base 9, what is 2 + -87?
-85
In base 14, what is 1 - a?
-9
In base 12, what is 5 + -1b7?
-1b2
In base 2, what is -10110001011 + -10?
-10110001101
In base 9, what is -424 - -3?
-421
In base 10, what is 2 - -264?
266
In base 15, what is 232e - -1?
2330
In base 8, what is -4 + 145?
141
In base 9, what is 23 - 14?
8
In base 12, what is -54 + 23?
-31
In base 8, what is 172 + -33?
137
In base 2, what is -1110 + 1011100?
1001110
In base 10, what is 4 - -165?
169
In base 3, what is 20 - 10212?
-10122
In base 5, what is -244 + 2?
-242
In base 7, what is 21011 + 3?
21014
In base 11, what is 84 + -4?
80
In base 7, what is -5 + -142?
-150
In base 11, what is 3 + 195?
198
In base 2, what is 1101 - -11101?
101010
In base 2, what is -1 - 1001001?
-1001010
In base 16, what is 0 + 154?
154
In base 6, what is -2 + 1154?
1152
In base 6, what is 2320 + -14?
2302
In base 12, what is -8a + 1?
-89
In base 12, what is -58 + 14?
-44
In base 8, what is 202 - -3?
205
In base 13, what is c8 - -11?
109
In base 5, what is -4 + -1412?
-1421
In base 15, what is -140 - 0?
-140
In base 5, what is -13 - -12411?
12343
In base 7, what is 1 + 16?
20
In base 7, what is -53 - -10?
-43
In base 3, what is -10 - 2102112?
-2102122
In base 12, what is 5 + 50?
55
In base 16, what is 13 + a?
1d
In base 12, what is -60 - -7?
-55
In base 13, what is -3 + -83?
-86
In base 8, what is 16066 + -3?
16063
In base 9, what is 6611 + -3?
6607
In base 15, what is -5 + -16?
-1b
In base 4, what is 21022 - 0?
21022
In base 11, what is 0 - 68?
-68
In base 7, what is 10 + 266?
306
In base 13, what is -4 + 2b3?
2ac
In base 15, what is 2 + -bc?
-ba
In base 7, what is -4 - 333?
-340
In base 2, what is -111 + -101000001?
-101001000
In base 15, what is -5 + -1e?
-24
In base 13, what is -235b - 1?
-235c
In base 2, what is -10100010001101 + 100?
-10100010001001
In base 4, what is -31 - -32?
1
In base 5, what is -1431 + 10?
-1421
In base 3, what is 21 - -2001102?
2001200
In base 2, what is -1111101 - 1101001?
-11100110
In base 5, what is -20220 + 0?
-20220
In base 8, what is -624 + -1?
-625
In base 8, what is 0 + 213?
213
In base 15, what is -7 - 5b?
-63
In base 9, what is -187 + 102?
-85
In base 8, what is -27 - 217?
-246
In base 15, what is 1 - -186e?
1870
In base 8, what is 6 - -41?
47
In base 5, what is 212 + 2?
214
In base 9, what is 2 - 3223?
-3221
In base 9, what is 4 - 1340?
-1335
In base 2, what is 1001000110 - 101?
1001000001
In base 2, what is 10 + 1111111110?
10000000000
In base 11, what is -20 - 165?
-185
In base 12, what is 343a + 0?
343a
In base 15, what is 5 - -1b8?
1bd
In base 10, what is 7 + 226?
233
In base 2, what is -100 + -100110001010?
-100110001110
In base 12, what is -6 - -1?
-5
In base 12, what is -8 + 857?
84b
In base 8, what is 0 + -3626?
-3626
In base 15, what is e - 43?
-34
In base 15, what is 4 - -13d?
142
In base 2, what is 1101 - 1000100100?
-1000010111
In base 4, what is 31221 - -3?
31230
In base 11, what is 5 + -96?
-91
In base 5, what is -324 - 2?
-331
In base 6, what is -2 + 40?
34
In base 2, what is 101 + -1100010?
-1011101
In base 9, what is 5 - -288?
304
In base 15, what is 3 + -84?
-81
In base 9, what is 27521 - 4?
27516
In base 5, what is 1401 + 12?
1413
In base 6, what is -150 + 23?
-123
In base 5, what is 1 + -101?
-100
In base 5, what is 4 + -302414?
-302410
In base 5, what is 21 - 4234?
-4213
In base 14, what is 4 - 31d?
-319
In base 14, what is -50 + -7?
-57
In base 4, what is 2 - -2?
10
In base 13, what is 7aa3 + -1?
7aa2
In base 2, what is -1001010110 + -100?
-1001011010
In base 14, what is 0 + 50b?
50b
In base 4, what is 22200 + -11?
22123
In base 7, what is 6 - 322?
-313
In base 15, what is 47 + -17e?
-137
In base 12, what is 7168 + -1?
7167
In base 2, what is 1011 - -10010?
11101
In base 4, what is 3 - 12010?
-12001
In base 7, what is -4210 + 3?
-4204
In base 2, what is 1011111 + 11?
1100010
In base 4, what is 121 - 100?
21
In base 11, what is 3 + -59?
-56
In base 5, what is -140 - 2?
-142
In base 12, what is 6 - 1b?
-15
In base 9, what is 461 - 3?
457
In base 12, what is -13818 + 4?
-13814
In base 15, what is -1 - -82a?
829
In base 10, what is -2425 + -4?
-2429
In base 6, what is 11 + -42?
-31
In base 3, what is 2000 + -2?
1221
In base 5, what is 123 + 0?
123
In base 9, what is 6 - 1458?
-1452
In base 6, what is -13042 + -1?
-13043
In base 2, what is 1000 - -11001001?